{"id":1788,"date":"2023-09-15T13:42:36","date_gmt":"2023-09-15T16:42:36","guid":{"rendered":"https:\/\/www.linti.unlp.edu.ar\/?page_id=1788"},"modified":"2024-03-07T11:25:33","modified_gmt":"2024-03-07T14:25:33","slug":"elementor-1788","status":"publish","type":"page","link":"https:\/\/www.linti.unlp.edu.ar\/index.php\/elementor-1788\/","title":{"rendered":"Proyectos de Extensi\u00f3n"},"content":{"rendered":"\t\t<div data-elementor-type=\"wp-page\" data-elementor-id=\"1788\" class=\"elementor elementor-1788\">\n\t\t\t\t\t\t<section class=\"elementor-section elementor-top-section elementor-element elementor-element-133b326 elementor-section-boxed elementor-section-height-default elementor-section-height-default wpr-particle-no wpr-jarallax-no wpr-parallax-no wpr-sticky-section-no wpr-equal-height-no\" data-id=\"133b326\" data-element_type=\"section\" data-e-type=\"section\">\n\t\t\t\t\t\t<div class=\"elementor-container elementor-column-gap-default\">\n\t\t\t\t\t<div class=\"elementor-column elementor-col-100 elementor-top-column elementor-element elementor-element-2621ae8\" data-id=\"2621ae8\" data-element_type=\"column\" data-e-type=\"column\">\n\t\t\t<div class=\"elementor-widget-wrap elementor-element-populated\">\n\t\t\t\t\t\t<div class=\"elementor-element elementor-element-250739e elementor-widget elementor-widget-heading\" data-id=\"250739e\" data-element_type=\"widget\" data-e-type=\"widget\" data-widget_type=\"heading.default\">\n\t\t\t\t<div class=\"elementor-widget-container\">\n\t\t\t\t\t<h1 class=\"elementor-heading-title elementor-size-default\">Proyectos de Extensi\u00f3n<\/h1>\t\t\t\t<\/div>\n\t\t\t\t<\/div>\n\t\t\t\t<div class=\"elementor-element elementor-element-9da4045 elementor-widget elementor-widget-text-editor\" data-id=\"9da4045\" data-element_type=\"widget\" data-e-type=\"widget\" data-widget_type=\"text-editor.default\">\n\t\t\t\t<div class=\"elementor-widget-container\">\n\t\t\t\t\t\t\t\t\t<p>Los docentes e investigadores del LINTI coordinan diversas propuestas de Extensi\u00f3n de convocatorias de la Universidad Nacional de La Plata (UNLP), de la Secretar\u00eda de Pol\u00edticas Universitarias (SPU) y de la Facultad de Inform\u00e1tica.<\/p>\t\t\t\t\t\t\t\t<\/div>\n\t\t\t\t<\/div>\n\t\t\t\t\t<\/div>\n\t\t<\/div>\n\t\t\t\t\t<\/div>\n\t\t<\/section>\n\t\t\t\t<section class=\"elementor-section elementor-top-section elementor-element elementor-element-6afe3b8 elementor-section-boxed elementor-section-height-default elementor-section-height-default wpr-particle-no wpr-jarallax-no wpr-parallax-no wpr-sticky-section-no wpr-equal-height-no\" data-id=\"6afe3b8\" data-element_type=\"section\" data-e-type=\"section\">\n\t\t\t\t\t\t<div class=\"elementor-container elementor-column-gap-default\">\n\t\t\t\t\t<div class=\"elementor-column elementor-col-25 elementor-top-column elementor-element elementor-element-136b3fd\" data-id=\"136b3fd\" data-element_type=\"column\" data-e-type=\"column\" data-settings=\"{&quot;background_background&quot;:&quot;classic&quot;}\">\n\t\t\t<div class=\"elementor-widget-wrap elementor-element-populated\">\n\t\t\t\t\t\t<div class=\"elementor-element elementor-element-28434f4 elementor-position-inline-start elementor-mobile-position-inline-start elementor-view-default elementor-widget elementor-widget-icon-box\" data-id=\"28434f4\" data-element_type=\"widget\" data-e-type=\"widget\" data-widget_type=\"icon-box.default\">\n\t\t\t\t<div class=\"elementor-widget-container\">\n\t\t\t\t\t\t\t<div class=\"elementor-icon-box-wrapper\">\n\n\t\t\t\t\t\t<div class=\"elementor-icon-box-icon\">\n\t\t\t\t<a href=\"https:\/\/www.extension.info.unlp.edu.ar\/programa-de-extension-unlp\/\" class=\"elementor-icon\" tabindex=\"-1\" aria-label=\"Programas\">\n\t\t\t\t<i aria-hidden=\"true\" class=\"fas fa-angle-right\"><\/i>\t\t\t\t<\/a>\n\t\t\t<\/div>\n\t\t\t\n\t\t\t\t\t\t<div class=\"elementor-icon-box-content\">\n\n\t\t\t\t\t\t\t\t\t<h3 class=\"elementor-icon-box-title\">\n\t\t\t\t\t\t<a href=\"https:\/\/www.extension.info.unlp.edu.ar\/programa-de-extension-unlp\/\" >\n\t\t\t\t\t\t\tProgramas\t\t\t\t\t\t<\/a>\n\t\t\t\t\t<\/h3>\n\t\t\t\t\n\t\t\t\t\n\t\t\t<\/div>\n\t\t\t\n\t\t<\/div>\n\t\t\t\t\t\t<\/div>\n\t\t\t\t<\/div>\n\t\t\t\t\t<\/div>\n\t\t<\/div>\n\t\t\t\t<div class=\"elementor-column elementor-col-25 elementor-top-column elementor-element elementor-element-1001542\" data-id=\"1001542\" data-element_type=\"column\" data-e-type=\"column\" data-settings=\"{&quot;background_background&quot;:&quot;classic&quot;}\">\n\t\t\t<div class=\"elementor-widget-wrap elementor-element-populated\">\n\t\t\t\t\t\t<div class=\"elementor-element elementor-element-a5bdd92 elementor-position-inline-start elementor-mobile-position-inline-start elementor-view-default elementor-widget elementor-widget-icon-box\" data-id=\"a5bdd92\" data-element_type=\"widget\" data-e-type=\"widget\" data-widget_type=\"icon-box.default\">\n\t\t\t\t<div class=\"elementor-widget-container\">\n\t\t\t\t\t\t\t<div class=\"elementor-icon-box-wrapper\">\n\n\t\t\t\t\t\t<div class=\"elementor-icon-box-icon\">\n\t\t\t\t<a href=\"https:\/\/www.extension.info.unlp.edu.ar\/proyectos-de-extension-de-la-facultad-de-informatica-de-la-universidad-nacional-de-la-plata\/\" class=\"elementor-icon\" tabindex=\"-1\" aria-label=\"Proyectos\">\n\t\t\t\t<i aria-hidden=\"true\" class=\"fas fa-angle-right\"><\/i>\t\t\t\t<\/a>\n\t\t\t<\/div>\n\t\t\t\n\t\t\t\t\t\t<div class=\"elementor-icon-box-content\">\n\n\t\t\t\t\t\t\t\t\t<h3 class=\"elementor-icon-box-title\">\n\t\t\t\t\t\t<a href=\"https:\/\/www.extension.info.unlp.edu.ar\/proyectos-de-extension-de-la-facultad-de-informatica-de-la-universidad-nacional-de-la-plata\/\" >\n\t\t\t\t\t\t\tProyectos\t\t\t\t\t\t<\/a>\n\t\t\t\t\t<\/h3>\n\t\t\t\t\n\t\t\t\t\n\t\t\t<\/div>\n\t\t\t\n\t\t<\/div>\n\t\t\t\t\t\t<\/div>\n\t\t\t\t<\/div>\n\t\t\t\t\t<\/div>\n\t\t<\/div>\n\t\t\t\t<div class=\"elementor-column elementor-col-25 elementor-top-column elementor-element elementor-element-533d4f8\" data-id=\"533d4f8\" data-element_type=\"column\" data-e-type=\"column\" data-settings=\"{&quot;background_background&quot;:&quot;classic&quot;}\">\n\t\t\t<div class=\"elementor-widget-wrap elementor-element-populated\">\n\t\t\t\t\t\t<div class=\"elementor-element elementor-element-03993b8 elementor-position-inline-start elementor-mobile-position-inline-start elementor-view-default elementor-widget elementor-widget-icon-box\" data-id=\"03993b8\" data-element_type=\"widget\" data-e-type=\"widget\" data-widget_type=\"icon-box.default\">\n\t\t\t\t<div class=\"elementor-widget-container\">\n\t\t\t\t\t\t\t<div class=\"elementor-icon-box-wrapper\">\n\n\t\t\t\t\t\t<div class=\"elementor-icon-box-icon\">\n\t\t\t\t<a href=\"https:\/\/www.extension.info.unlp.edu.ar\/actividades-de-extension\/\" class=\"elementor-icon\" tabindex=\"-1\" aria-label=\"Actividades\">\n\t\t\t\t<i aria-hidden=\"true\" class=\"fas fa-angle-right\"><\/i>\t\t\t\t<\/a>\n\t\t\t<\/div>\n\t\t\t\n\t\t\t\t\t\t<div class=\"elementor-icon-box-content\">\n\n\t\t\t\t\t\t\t\t\t<h3 class=\"elementor-icon-box-title\">\n\t\t\t\t\t\t<a href=\"https:\/\/www.extension.info.unlp.edu.ar\/actividades-de-extension\/\" >\n\t\t\t\t\t\t\tActividades\t\t\t\t\t\t<\/a>\n\t\t\t\t\t<\/h3>\n\t\t\t\t\n\t\t\t\t\n\t\t\t<\/div>\n\t\t\t\n\t\t<\/div>\n\t\t\t\t\t\t<\/div>\n\t\t\t\t<\/div>\n\t\t\t\t\t<\/div>\n\t\t<\/div>\n\t\t\t\t<div class=\"elementor-column elementor-col-25 elementor-top-column elementor-element elementor-element-153ce79\" data-id=\"153ce79\" data-element_type=\"column\" data-e-type=\"column\" data-settings=\"{&quot;background_background&quot;:&quot;classic&quot;}\">\n\t\t\t<div class=\"elementor-widget-wrap elementor-element-populated\">\n\t\t\t\t\t\t<div class=\"elementor-element elementor-element-7bdfaf8 elementor-position-inline-start elementor-mobile-position-inline-start elementor-view-default elementor-widget elementor-widget-icon-box\" data-id=\"7bdfaf8\" data-element_type=\"widget\" data-e-type=\"widget\" data-widget_type=\"icon-box.default\">\n\t\t\t\t<div class=\"elementor-widget-container\">\n\t\t\t\t\t\t\t<div class=\"elementor-icon-box-wrapper\">\n\n\t\t\t\t\t\t<div class=\"elementor-icon-box-icon\">\n\t\t\t\t<a href=\"https:\/\/www.extension.info.unlp.edu.ar\/proyectos-de-extension-de-la-facultad-de-informatica\/\" class=\"elementor-icon\" tabindex=\"-1\" aria-label=\"Facultad \">\n\t\t\t\t<i aria-hidden=\"true\" class=\"fas fa-angle-right\"><\/i>\t\t\t\t<\/a>\n\t\t\t<\/div>\n\t\t\t\n\t\t\t\t\t\t<div class=\"elementor-icon-box-content\">\n\n\t\t\t\t\t\t\t\t\t<h3 class=\"elementor-icon-box-title\">\n\t\t\t\t\t\t<a href=\"https:\/\/www.extension.info.unlp.edu.ar\/proyectos-de-extension-de-la-facultad-de-informatica\/\" >\n\t\t\t\t\t\t\tFacultad \t\t\t\t\t\t<\/a>\n\t\t\t\t\t<\/h3>\n\t\t\t\t\n\t\t\t\t\n\t\t\t<\/div>\n\t\t\t\n\t\t<\/div>\n\t\t\t\t\t\t<\/div>\n\t\t\t\t<\/div>\n\t\t\t\t\t<\/div>\n\t\t<\/div>\n\t\t\t\t\t<\/div>\n\t\t<\/section>\n\t\t\t\t<\/div>\n\t\t","protected":false},"excerpt":{"rendered":"<p>Proyectos de Extensi\u00f3n Los docentes e investigadores del LINTI coordinan diversas propuestas de Extensi\u00f3n de convocatorias de la Universidad Nacional de La Plata (UNLP), de la Secretar\u00eda de Pol\u00edticas Universitarias (SPU) y de la Facultad de Inform\u00e1tica. Programas Proyectos Actividades Facultad<\/p>\n","protected":false},"author":6,"featured_media":0,"parent":0,"menu_order":0,"comment_status":"closed","ping_status":"closed","template":"page-templates\/template-pagebuilder-full-width.php","meta":{"neve_meta_sidebar":"","neve_meta_container":"","neve_meta_enable_content_width":"","neve_meta_content_width":0,"neve_meta_title_alignment":"","neve_meta_author_avatar":"","neve_post_elements_order":"","neve_meta_disable_header":"","neve_meta_disable_footer":"","neve_meta_disable_title":"","footnotes":""},"class_list":["post-1788","page","type-page","status-publish","hentry"],"yoast_head":"<!-- This site is optimized with the Yoast SEO plugin v27.3 - https:\/\/yoast.com\/product\/yoast-seo-wordpress\/ -->\n<title>Proyectos de Extensi\u00f3n - LINTI<\/title>\n<meta name=\"robots\" content=\"index, follow, max-snippet:-1, max-image-preview:large, max-video-preview:-1\" \/>\n<link rel=\"canonical\" href=\"https:\/\/www.linti.unlp.edu.ar\/index.php\/elementor-1788\/\" \/>\n<meta property=\"og:locale\" content=\"es_ES\" \/>\n<meta property=\"og:type\" content=\"article\" \/>\n<meta property=\"og:title\" content=\"Proyectos de Extensi\u00f3n - LINTI\" \/>\n<meta property=\"og:description\" content=\"Proyectos de Extensi\u00f3n Los docentes e investigadores del LINTI coordinan diversas propuestas de Extensi\u00f3n de convocatorias de la Universidad Nacional de La Plata (UNLP), de la Secretar\u00eda de Pol\u00edticas Universitarias (SPU) y de la Facultad de Inform\u00e1tica. Programas Proyectos Actividades Facultad\" \/>\n<meta property=\"og:url\" content=\"https:\/\/www.linti.unlp.edu.ar\/index.php\/elementor-1788\/\" \/>\n<meta property=\"og:site_name\" content=\"LINTI\" \/>\n<meta property=\"article:modified_time\" content=\"2024-03-07T14:25:33+00:00\" \/>\n<meta name=\"twitter:card\" content=\"summary_large_image\" \/>\n<meta name=\"twitter:label1\" content=\"Tiempo de lectura\" \/>\n\t<meta name=\"twitter:data1\" content=\"1 minuto\" \/>\n<script type=\"application\/ld+json\" class=\"yoast-schema-graph\">{\"@context\":\"https:\\\/\\\/schema.org\",\"@graph\":[{\"@type\":\"WebPage\",\"@id\":\"https:\\\/\\\/www.linti.unlp.edu.ar\\\/index.php\\\/elementor-1788\\\/\",\"url\":\"https:\\\/\\\/www.linti.unlp.edu.ar\\\/index.php\\\/elementor-1788\\\/\",\"name\":\"Proyectos de Extensi\u00f3n - LINTI\",\"isPartOf\":{\"@id\":\"https:\\\/\\\/www.linti.unlp.edu.ar\\\/#website\"},\"datePublished\":\"2023-09-15T16:42:36+00:00\",\"dateModified\":\"2024-03-07T14:25:33+00:00\",\"breadcrumb\":{\"@id\":\"https:\\\/\\\/www.linti.unlp.edu.ar\\\/index.php\\\/elementor-1788\\\/#breadcrumb\"},\"inLanguage\":\"es-AR\",\"potentialAction\":[{\"@type\":\"ReadAction\",\"target\":[\"https:\\\/\\\/www.linti.unlp.edu.ar\\\/index.php\\\/elementor-1788\\\/\"]}]},{\"@type\":\"BreadcrumbList\",\"@id\":\"https:\\\/\\\/www.linti.unlp.edu.ar\\\/index.php\\\/elementor-1788\\\/#breadcrumb\",\"itemListElement\":[{\"@type\":\"ListItem\",\"position\":1,\"name\":\"Home\",\"item\":\"https:\\\/\\\/www.linti.unlp.edu.ar\\\/\"},{\"@type\":\"ListItem\",\"position\":2,\"name\":\"Proyectos de Extensi\u00f3n\"}]},{\"@type\":\"WebSite\",\"@id\":\"https:\\\/\\\/www.linti.unlp.edu.ar\\\/#website\",\"url\":\"https:\\\/\\\/www.linti.unlp.edu.ar\\\/\",\"name\":\"LINTI\",\"description\":\"Laboratorio de investigaci\u00f3n en nuevas tecnolog\u00edas inform\u00e1ticas\",\"publisher\":{\"@id\":\"https:\\\/\\\/www.linti.unlp.edu.ar\\\/#organization\"},\"potentialAction\":[{\"@type\":\"SearchAction\",\"target\":{\"@type\":\"EntryPoint\",\"urlTemplate\":\"https:\\\/\\\/www.linti.unlp.edu.ar\\\/?s={search_term_string}\"},\"query-input\":{\"@type\":\"PropertyValueSpecification\",\"valueRequired\":true,\"valueName\":\"search_term_string\"}}],\"inLanguage\":\"es-AR\"},{\"@type\":\"Organization\",\"@id\":\"https:\\\/\\\/www.linti.unlp.edu.ar\\\/#organization\",\"name\":\"LINTI\",\"url\":\"https:\\\/\\\/www.linti.unlp.edu.ar\\\/\",\"logo\":{\"@type\":\"ImageObject\",\"inLanguage\":\"es-AR\",\"@id\":\"https:\\\/\\\/www.linti.unlp.edu.ar\\\/#\\\/schema\\\/logo\\\/image\\\/\",\"url\":\"https:\\\/\\\/www.linti.unlp.edu.ar\\\/wp-content\\\/uploads\\\/2022\\\/05\\\/fachada-LINTI.jpg\",\"contentUrl\":\"https:\\\/\\\/www.linti.unlp.edu.ar\\\/wp-content\\\/uploads\\\/2022\\\/05\\\/fachada-LINTI.jpg\",\"width\":589,\"height\":411,\"caption\":\"LINTI\"},\"image\":{\"@id\":\"https:\\\/\\\/www.linti.unlp.edu.ar\\\/#\\\/schema\\\/logo\\\/image\\\/\"}}]}<\/script>\n<!-- \/ Yoast SEO plugin. -->","yoast_head_json":{"title":"Proyectos de Extensi\u00f3n - LINTI","robots":{"index":"index","follow":"follow","max-snippet":"max-snippet:-1","max-image-preview":"max-image-preview:large","max-video-preview":"max-video-preview:-1"},"canonical":"https:\/\/www.linti.unlp.edu.ar\/index.php\/elementor-1788\/","og_locale":"es_ES","og_type":"article","og_title":"Proyectos de Extensi\u00f3n - LINTI","og_description":"Proyectos de Extensi\u00f3n Los docentes e investigadores del LINTI coordinan diversas propuestas de Extensi\u00f3n de convocatorias de la Universidad Nacional de La Plata (UNLP), de la Secretar\u00eda de Pol\u00edticas Universitarias (SPU) y de la Facultad de Inform\u00e1tica. Programas Proyectos Actividades Facultad","og_url":"https:\/\/www.linti.unlp.edu.ar\/index.php\/elementor-1788\/","og_site_name":"LINTI","article_modified_time":"2024-03-07T14:25:33+00:00","twitter_card":"summary_large_image","twitter_misc":{"Tiempo de lectura":"1 minuto"},"schema":{"@context":"https:\/\/schema.org","@graph":[{"@type":"WebPage","@id":"https:\/\/www.linti.unlp.edu.ar\/index.php\/elementor-1788\/","url":"https:\/\/www.linti.unlp.edu.ar\/index.php\/elementor-1788\/","name":"Proyectos de Extensi\u00f3n - LINTI","isPartOf":{"@id":"https:\/\/www.linti.unlp.edu.ar\/#website"},"datePublished":"2023-09-15T16:42:36+00:00","dateModified":"2024-03-07T14:25:33+00:00","breadcrumb":{"@id":"https:\/\/www.linti.unlp.edu.ar\/index.php\/elementor-1788\/#breadcrumb"},"inLanguage":"es-AR","potentialAction":[{"@type":"ReadAction","target":["https:\/\/www.linti.unlp.edu.ar\/index.php\/elementor-1788\/"]}]},{"@type":"BreadcrumbList","@id":"https:\/\/www.linti.unlp.edu.ar\/index.php\/elementor-1788\/#breadcrumb","itemListElement":[{"@type":"ListItem","position":1,"name":"Home","item":"https:\/\/www.linti.unlp.edu.ar\/"},{"@type":"ListItem","position":2,"name":"Proyectos de Extensi\u00f3n"}]},{"@type":"WebSite","@id":"https:\/\/www.linti.unlp.edu.ar\/#website","url":"https:\/\/www.linti.unlp.edu.ar\/","name":"LINTI","description":"Laboratorio de investigaci\u00f3n en nuevas tecnolog\u00edas inform\u00e1ticas","publisher":{"@id":"https:\/\/www.linti.unlp.edu.ar\/#organization"},"potentialAction":[{"@type":"SearchAction","target":{"@type":"EntryPoint","urlTemplate":"https:\/\/www.linti.unlp.edu.ar\/?s={search_term_string}"},"query-input":{"@type":"PropertyValueSpecification","valueRequired":true,"valueName":"search_term_string"}}],"inLanguage":"es-AR"},{"@type":"Organization","@id":"https:\/\/www.linti.unlp.edu.ar\/#organization","name":"LINTI","url":"https:\/\/www.linti.unlp.edu.ar\/","logo":{"@type":"ImageObject","inLanguage":"es-AR","@id":"https:\/\/www.linti.unlp.edu.ar\/#\/schema\/logo\/image\/","url":"https:\/\/www.linti.unlp.edu.ar\/wp-content\/uploads\/2022\/05\/fachada-LINTI.jpg","contentUrl":"https:\/\/www.linti.unlp.edu.ar\/wp-content\/uploads\/2022\/05\/fachada-LINTI.jpg","width":589,"height":411,"caption":"LINTI"},"image":{"@id":"https:\/\/www.linti.unlp.edu.ar\/#\/schema\/logo\/image\/"}}]}},"_links":{"self":[{"href":"https:\/\/www.linti.unlp.edu.ar\/index.php\/wp-json\/wp\/v2\/pages\/1788","targetHints":{"allow":["GET"]}}],"collection":[{"href":"https:\/\/www.linti.unlp.edu.ar\/index.php\/wp-json\/wp\/v2\/pages"}],"about":[{"href":"https:\/\/www.linti.unlp.edu.ar\/index.php\/wp-json\/wp\/v2\/types\/page"}],"author":[{"embeddable":true,"href":"https:\/\/www.linti.unlp.edu.ar\/index.php\/wp-json\/wp\/v2\/users\/6"}],"replies":[{"embeddable":true,"href":"https:\/\/www.linti.unlp.edu.ar\/index.php\/wp-json\/wp\/v2\/comments?post=1788"}],"version-history":[{"count":61,"href":"https:\/\/www.linti.unlp.edu.ar\/index.php\/wp-json\/wp\/v2\/pages\/1788\/revisions"}],"predecessor-version":[{"id":2179,"href":"https:\/\/www.linti.unlp.edu.ar\/index.php\/wp-json\/wp\/v2\/pages\/1788\/revisions\/2179"}],"wp:attachment":[{"href":"https:\/\/www.linti.unlp.edu.ar\/index.php\/wp-json\/wp\/v2\/media?parent=1788"}],"curies":[{"name":"wp","href":"https:\/\/api.w.org\/{rel}","templated":true}]}}