{"id":4755,"date":"2025-10-24T14:12:54","date_gmt":"2025-10-24T17:12:54","guid":{"rendered":"https:\/\/www.linti.unlp.edu.ar\/?page_id=4755"},"modified":"2025-11-03T11:10:23","modified_gmt":"2025-11-03T14:10:23","slug":"calidad-del-agua","status":"publish","type":"page","link":"https:\/\/www.linti.unlp.edu.ar\/index.php\/calidad-del-agua\/","title":{"rendered":"Calidad del agua"},"content":{"rendered":"\t\t<div data-elementor-type=\"wp-page\" data-elementor-id=\"4755\" class=\"elementor elementor-4755\">\n\t\t\t\t\t\t<section class=\"elementor-section elementor-top-section elementor-element elementor-element-d89f6ff elementor-section-boxed elementor-section-height-default elementor-section-height-default wpr-particle-no wpr-jarallax-no wpr-parallax-no wpr-sticky-section-no wpr-equal-height-no\" data-id=\"d89f6ff\" data-element_type=\"section\" data-e-type=\"section\">\n\t\t\t\t\t\t<div class=\"elementor-container elementor-column-gap-default\">\n\t\t\t\t\t<div class=\"elementor-column elementor-col-50 elementor-top-column elementor-element elementor-element-3f474bf\" data-id=\"3f474bf\" data-element_type=\"column\" data-e-type=\"column\">\n\t\t\t<div class=\"elementor-widget-wrap elementor-element-populated\">\n\t\t\t\t\t\t<div class=\"elementor-element elementor-element-9d295db elementor-widget elementor-widget-image\" data-id=\"9d295db\" data-element_type=\"widget\" data-e-type=\"widget\" data-widget_type=\"image.default\">\n\t\t\t\t<div class=\"elementor-widget-container\">\n\t\t\t\t\t\t\t\t\t\t\t\t\t\t\t\t<a href=\"https:\/\/www.linti.unlp.edu.ar\/index.php\/iot-absa\/\">\n\t\t\t\t\t\t\t<img decoding=\"async\" width=\"336\" height=\"93\" src=\"https:\/\/www.linti.unlp.edu.ar\/wp-content\/uploads\/2025\/10\/LOGO-absa-IOT.png\" class=\"attachment-large size-large wp-image-4769\" alt=\"\" srcset=\"https:\/\/www.linti.unlp.edu.ar\/wp-content\/uploads\/2025\/10\/LOGO-absa-IOT.png 336w, https:\/\/www.linti.unlp.edu.ar\/wp-content\/uploads\/2025\/10\/LOGO-absa-IOT-300x83.png 300w\" sizes=\"(max-width: 336px) 100vw, 336px\" \/>\t\t\t\t\t\t\t\t<\/a>\n\t\t\t\t\t\t\t\t\t\t\t\t\t\t\t<\/div>\n\t\t\t\t<\/div>\n\t\t\t\t\t<\/div>\n\t\t<\/div>\n\t\t\t\t<div class=\"elementor-column elementor-col-50 elementor-top-column elementor-element elementor-element-b7e413a\" data-id=\"b7e413a\" data-element_type=\"column\" data-e-type=\"column\">\n\t\t\t<div class=\"elementor-widget-wrap elementor-element-populated\">\n\t\t\t\t\t\t<div class=\"elementor-element elementor-element-6c0e035 hfe-nav-menu__align-right hfe-submenu-icon-arrow hfe-submenu-animation-none hfe-link-redirect-child hfe-nav-menu__breakpoint-tablet elementor-widget elementor-widget-navigation-menu\" data-id=\"6c0e035\" data-element_type=\"widget\" data-e-type=\"widget\" data-settings=\"{&quot;padding_horizontal_menu_item&quot;:{&quot;unit&quot;:&quot;px&quot;,&quot;size&quot;:15,&quot;sizes&quot;:[]},&quot;padding_horizontal_menu_item_tablet&quot;:{&quot;unit&quot;:&quot;px&quot;,&quot;size&quot;:&quot;&quot;,&quot;sizes&quot;:[]},&quot;padding_horizontal_menu_item_mobile&quot;:{&quot;unit&quot;:&quot;px&quot;,&quot;size&quot;:&quot;&quot;,&quot;sizes&quot;:[]},&quot;padding_vertical_menu_item&quot;:{&quot;unit&quot;:&quot;px&quot;,&quot;size&quot;:15,&quot;sizes&quot;:[]},&quot;padding_vertical_menu_item_tablet&quot;:{&quot;unit&quot;:&quot;px&quot;,&quot;size&quot;:&quot;&quot;,&quot;sizes&quot;:[]},&quot;padding_vertical_menu_item_mobile&quot;:{&quot;unit&quot;:&quot;px&quot;,&quot;size&quot;:&quot;&quot;,&quot;sizes&quot;:[]},&quot;menu_space_between&quot;:{&quot;unit&quot;:&quot;px&quot;,&quot;size&quot;:&quot;&quot;,&quot;sizes&quot;:[]},&quot;menu_space_between_tablet&quot;:{&quot;unit&quot;:&quot;px&quot;,&quot;size&quot;:&quot;&quot;,&quot;sizes&quot;:[]},&quot;menu_space_between_mobile&quot;:{&quot;unit&quot;:&quot;px&quot;,&quot;size&quot;:&quot;&quot;,&quot;sizes&quot;:[]},&quot;menu_row_space&quot;:{&quot;unit&quot;:&quot;px&quot;,&quot;size&quot;:&quot;&quot;,&quot;sizes&quot;:[]},&quot;menu_row_space_tablet&quot;:{&quot;unit&quot;:&quot;px&quot;,&quot;size&quot;:&quot;&quot;,&quot;sizes&quot;:[]},&quot;menu_row_space_mobile&quot;:{&quot;unit&quot;:&quot;px&quot;,&quot;size&quot;:&quot;&quot;,&quot;sizes&quot;:[]},&quot;dropdown_border_radius&quot;:{&quot;unit&quot;:&quot;px&quot;,&quot;top&quot;:&quot;&quot;,&quot;right&quot;:&quot;&quot;,&quot;bottom&quot;:&quot;&quot;,&quot;left&quot;:&quot;&quot;,&quot;isLinked&quot;:true},&quot;dropdown_border_radius_tablet&quot;:{&quot;unit&quot;:&quot;px&quot;,&quot;top&quot;:&quot;&quot;,&quot;right&quot;:&quot;&quot;,&quot;bottom&quot;:&quot;&quot;,&quot;left&quot;:&quot;&quot;,&quot;isLinked&quot;:true},&quot;dropdown_border_radius_mobile&quot;:{&quot;unit&quot;:&quot;px&quot;,&quot;top&quot;:&quot;&quot;,&quot;right&quot;:&quot;&quot;,&quot;bottom&quot;:&quot;&quot;,&quot;left&quot;:&quot;&quot;,&quot;isLinked&quot;:true},&quot;width_dropdown_item&quot;:{&quot;unit&quot;:&quot;px&quot;,&quot;size&quot;:&quot;220&quot;,&quot;sizes&quot;:[]},&quot;width_dropdown_item_tablet&quot;:{&quot;unit&quot;:&quot;px&quot;,&quot;size&quot;:&quot;&quot;,&quot;sizes&quot;:[]},&quot;width_dropdown_item_mobile&quot;:{&quot;unit&quot;:&quot;px&quot;,&quot;size&quot;:&quot;&quot;,&quot;sizes&quot;:[]},&quot;padding_horizontal_dropdown_item&quot;:{&quot;unit&quot;:&quot;px&quot;,&quot;size&quot;:&quot;&quot;,&quot;sizes&quot;:[]},&quot;padding_horizontal_dropdown_item_tablet&quot;:{&quot;unit&quot;:&quot;px&quot;,&quot;size&quot;:&quot;&quot;,&quot;sizes&quot;:[]},&quot;padding_horizontal_dropdown_item_mobile&quot;:{&quot;unit&quot;:&quot;px&quot;,&quot;size&quot;:&quot;&quot;,&quot;sizes&quot;:[]},&quot;padding_vertical_dropdown_item&quot;:{&quot;unit&quot;:&quot;px&quot;,&quot;size&quot;:15,&quot;sizes&quot;:[]},&quot;padding_vertical_dropdown_item_tablet&quot;:{&quot;unit&quot;:&quot;px&quot;,&quot;size&quot;:&quot;&quot;,&quot;sizes&quot;:[]},&quot;padding_vertical_dropdown_item_mobile&quot;:{&quot;unit&quot;:&quot;px&quot;,&quot;size&quot;:&quot;&quot;,&quot;sizes&quot;:[]},&quot;distance_from_menu&quot;:{&quot;unit&quot;:&quot;px&quot;,&quot;size&quot;:&quot;&quot;,&quot;sizes&quot;:[]},&quot;distance_from_menu_tablet&quot;:{&quot;unit&quot;:&quot;px&quot;,&quot;size&quot;:&quot;&quot;,&quot;sizes&quot;:[]},&quot;distance_from_menu_mobile&quot;:{&quot;unit&quot;:&quot;px&quot;,&quot;size&quot;:&quot;&quot;,&quot;sizes&quot;:[]},&quot;toggle_size&quot;:{&quot;unit&quot;:&quot;px&quot;,&quot;size&quot;:&quot;&quot;,&quot;sizes&quot;:[]},&quot;toggle_size_tablet&quot;:{&quot;unit&quot;:&quot;px&quot;,&quot;size&quot;:&quot;&quot;,&quot;sizes&quot;:[]},&quot;toggle_size_mobile&quot;:{&quot;unit&quot;:&quot;px&quot;,&quot;size&quot;:&quot;&quot;,&quot;sizes&quot;:[]},&quot;toggle_border_width&quot;:{&quot;unit&quot;:&quot;px&quot;,&quot;size&quot;:&quot;&quot;,&quot;sizes&quot;:[]},&quot;toggle_border_width_tablet&quot;:{&quot;unit&quot;:&quot;px&quot;,&quot;size&quot;:&quot;&quot;,&quot;sizes&quot;:[]},&quot;toggle_border_width_mobile&quot;:{&quot;unit&quot;:&quot;px&quot;,&quot;size&quot;:&quot;&quot;,&quot;sizes&quot;:[]},&quot;toggle_border_radius&quot;:{&quot;unit&quot;:&quot;px&quot;,&quot;size&quot;:&quot;&quot;,&quot;sizes&quot;:[]},&quot;toggle_border_radius_tablet&quot;:{&quot;unit&quot;:&quot;px&quot;,&quot;size&quot;:&quot;&quot;,&quot;sizes&quot;:[]},&quot;toggle_border_radius_mobile&quot;:{&quot;unit&quot;:&quot;px&quot;,&quot;size&quot;:&quot;&quot;,&quot;sizes&quot;:[]}}\" data-widget_type=\"navigation-menu.default\">\n\t\t\t\t<div class=\"elementor-widget-container\">\n\t\t\t\t\t\t\t\t<div class=\"hfe-nav-menu hfe-layout-horizontal hfe-nav-menu-layout horizontal hfe-pointer__none\" data-layout=\"horizontal\">\n\t\t\t\t<div role=\"button\" class=\"hfe-nav-menu__toggle elementor-clickable\" tabindex=\"0\" aria-label=\"Menu Toggle\">\n\t\t\t\t\t<span class=\"screen-reader-text\">Menu<\/span>\n\t\t\t\t\t<div class=\"hfe-nav-menu-icon\">\n\t\t\t\t\t\t<i aria-hidden=\"true\"  class=\"fas fa-align-justify\"><\/i>\t\t\t\t\t<\/div>\n\t\t\t\t<\/div>\n\t\t\t\t<nav class=\"hfe-nav-menu__layout-horizontal hfe-nav-menu__submenu-arrow\" data-toggle-icon=\"&lt;i aria-hidden=&quot;true&quot; tabindex=&quot;0&quot; class=&quot;fas fa-align-justify&quot;&gt;&lt;\/i&gt;\" data-close-icon=\"&lt;i aria-hidden=&quot;true&quot; tabindex=&quot;0&quot; class=&quot;far fa-window-close&quot;&gt;&lt;\/i&gt;\" data-full-width=\"yes\">\n\t\t\t\t\t<ul id=\"menu-1-6c0e035\" class=\"hfe-nav-menu\"><li id=\"menu-item-4717\" class=\"menu-item menu-item-type-post_type menu-item-object-page parent hfe-creative-menu\"><a href=\"https:\/\/www.linti.unlp.edu.ar\/index.php\/eficiencia-energetica\/\" class = \"hfe-menu-item\">Energ\u00eda<\/a><\/li>\n<li id=\"menu-item-4919\" class=\"menu-item menu-item-type-post_type menu-item-object-page parent hfe-creative-menu\"><a href=\"https:\/\/www.linti.unlp.edu.ar\/index.php\/salinidad\/\" class = \"hfe-menu-item\">Salinidad<\/a><\/li>\n<li id=\"menu-item-4764\" class=\"menu-item menu-item-type-post_type menu-item-object-page parent hfe-creative-menu\"><a href=\"https:\/\/www.linti.unlp.edu.ar\/index.php\/medicion-de-consumo-con-medidores-inteligentes-y-caudales\/\" class = \"hfe-menu-item\">Medidores<\/a><\/li>\n<li id=\"menu-item-4763\" class=\"menu-item menu-item-type-post_type menu-item-object-page parent hfe-creative-menu\"><a href=\"https:\/\/www.linti.unlp.edu.ar\/index.php\/calidad-del-agua\/\" class = \"hfe-menu-item\">Calidad<\/a><\/li>\n<\/ul> \n\t\t\t\t<\/nav>\n\t\t\t<\/div>\n\t\t\t\t\t\t\t<\/div>\n\t\t\t\t<\/div>\n\t\t\t\t\t<\/div>\n\t\t<\/div>\n\t\t\t\t\t<\/div>\n\t\t<\/section>\n\t\t\t\t<section class=\"elementor-section elementor-top-section elementor-element elementor-element-747053d elementor-section-boxed elementor-section-height-default elementor-section-height-default wpr-particle-no wpr-jarallax-no wpr-parallax-no wpr-sticky-section-no wpr-equal-height-no\" data-id=\"747053d\" data-element_type=\"section\" data-e-type=\"section\">\n\t\t\t\t\t\t<div class=\"elementor-container elementor-column-gap-default\">\n\t\t\t\t\t<div class=\"elementor-column elementor-col-100 elementor-top-column elementor-element elementor-element-d4205a2\" data-id=\"d4205a2\" data-element_type=\"column\" data-e-type=\"column\">\n\t\t\t<div class=\"elementor-widget-wrap elementor-element-populated\">\n\t\t\t\t\t\t<div class=\"elementor-element elementor-element-87e5005 elementor-widget elementor-widget-heading\" data-id=\"87e5005\" data-element_type=\"widget\" data-e-type=\"widget\" data-widget_type=\"heading.default\">\n\t\t\t\t<div class=\"elementor-widget-container\">\n\t\t\t\t\t<h2 class=\"elementor-heading-title elementor-size-default\">Calidad del agua<\/h2>\t\t\t\t<\/div>\n\t\t\t\t<\/div>\n\t\t\t\t<div class=\"elementor-element elementor-element-312590f elementor-widget elementor-widget-text-editor\" data-id=\"312590f\" data-element_type=\"widget\" data-e-type=\"widget\" data-widget_type=\"text-editor.default\">\n\t\t\t\t<div class=\"elementor-widget-container\">\n\t\t\t\t\t\t\t\t\t<p>Se implementar\u00e1n sensores en l\u00ednea para el monitoreo continuo de la calidad del agua, incluyendo par\u00e1metros como turbidez y niveles de cloro, entre otros.<\/p>\t\t\t\t\t\t\t\t<\/div>\n\t\t\t\t<\/div>\n\t\t\t\t<div class=\"elementor-element elementor-element-fef8702 elementor-widget elementor-widget-text-editor\" data-id=\"fef8702\" data-element_type=\"widget\" data-e-type=\"widget\" data-widget_type=\"text-editor.default\">\n\t\t\t\t<div class=\"elementor-widget-container\">\n\t\t\t\t\t\t\t\t\t<p><span style=\"font-weight: 400;\">En el proyecto se definen las siguientes etapas: monitoreo energ\u00e9tico, salinidad, nivel de napas, medici\u00f3n de consumo y caudales con medidores inteligentes y otros par\u00e1metros de calidad de agua. Cada etapa tendr\u00e1 objetivos espec\u00edficos y su propio cronograma.\u00a0<\/span><\/p>\t\t\t\t\t\t\t\t<\/div>\n\t\t\t\t<\/div>\n\t\t\t\t\t<\/div>\n\t\t<\/div>\n\t\t\t\t\t<\/div>\n\t\t<\/section>\n\t\t\t\t<section class=\"elementor-section elementor-top-section elementor-element elementor-element-772cc50 elementor-section-boxed elementor-section-height-default elementor-section-height-default wpr-particle-no wpr-jarallax-no wpr-parallax-no wpr-sticky-section-no wpr-equal-height-no\" data-id=\"772cc50\" data-element_type=\"section\" data-e-type=\"section\" data-settings=\"{&quot;background_background&quot;:&quot;classic&quot;}\">\n\t\t\t\t\t\t<div class=\"elementor-container elementor-column-gap-default\">\n\t\t\t\t\t<div class=\"elementor-column elementor-col-100 elementor-top-column elementor-element elementor-element-d1c7791\" data-id=\"d1c7791\" data-element_type=\"column\" data-e-type=\"column\">\n\t\t\t<div class=\"elementor-widget-wrap elementor-element-populated\">\n\t\t\t\t\t\t<div class=\"elementor-element elementor-element-a7e4cc4 elementor-widget elementor-widget-image\" data-id=\"a7e4cc4\" data-element_type=\"widget\" data-e-type=\"widget\" data-widget_type=\"image.default\">\n\t\t\t\t<div class=\"elementor-widget-container\">\n\t\t\t\t\t\t\t\t\t\t\t\t\t\t\t<img fetchpriority=\"high\" decoding=\"async\" width=\"1012\" height=\"252\" src=\"https:\/\/www.linti.unlp.edu.ar\/wp-content\/uploads\/2025\/10\/footer-ABSA.jpg\" class=\"attachment-large size-large wp-image-4673\" alt=\"\" srcset=\"https:\/\/www.linti.unlp.edu.ar\/wp-content\/uploads\/2025\/10\/footer-ABSA.jpg 1012w, https:\/\/www.linti.unlp.edu.ar\/wp-content\/uploads\/2025\/10\/footer-ABSA-300x75.jpg 300w, https:\/\/www.linti.unlp.edu.ar\/wp-content\/uploads\/2025\/10\/footer-ABSA-768x191.jpg 768w\" sizes=\"(max-width: 1012px) 100vw, 1012px\" \/>\t\t\t\t\t\t\t\t\t\t\t\t\t\t\t<\/div>\n\t\t\t\t<\/div>\n\t\t\t\t\t<\/div>\n\t\t<\/div>\n\t\t\t\t\t<\/div>\n\t\t<\/section>\n\t\t\t\t<section class=\"elementor-section elementor-top-section elementor-element elementor-element-ce93d71 elementor-section-boxed elementor-section-height-default elementor-section-height-default wpr-particle-no wpr-jarallax-no wpr-parallax-no wpr-sticky-section-no wpr-equal-height-no\" data-id=\"ce93d71\" data-element_type=\"section\" data-e-type=\"section\">\n\t\t\t\t\t\t<div class=\"elementor-container elementor-column-gap-default\">\n\t\t\t\t\t<div class=\"elementor-column elementor-col-100 elementor-top-column elementor-element elementor-element-b27c144\" data-id=\"b27c144\" data-element_type=\"column\" data-e-type=\"column\">\n\t\t\t<div class=\"elementor-widget-wrap\">\n\t\t\t\t\t\t\t<\/div>\n\t\t<\/div>\n\t\t\t\t\t<\/div>\n\t\t<\/section>\n\t\t\t\t<\/div>\n\t\t","protected":false},"excerpt":{"rendered":"<p>Menu Energ\u00eda Salinidad Medidores Calidad Calidad del agua Se implementar\u00e1n sensores en l\u00ednea para el monitoreo continuo de la calidad del agua, incluyendo par\u00e1metros como turbidez y niveles de cloro, entre otros. En el proyecto se definen las siguientes etapas: monitoreo energ\u00e9tico, salinidad, nivel de napas, medici\u00f3n de consumo y caudales con medidores inteligentes y otros par\u00e1metros de calidad de agua. Cada etapa tendr\u00e1 objetivos espec\u00edficos y su propio cronograma.\u00a0<\/p>\n","protected":false},"author":2,"featured_media":0,"parent":0,"menu_order":0,"comment_status":"closed","ping_status":"closed","template":"elementor_canvas","meta":{"neve_meta_sidebar":"","neve_meta_container":"","neve_meta_enable_content_width":"","neve_meta_content_width":0,"neve_meta_title_alignment":"","neve_meta_author_avatar":"","neve_post_elements_order":"","neve_meta_disable_header":"","neve_meta_disable_footer":"","neve_meta_disable_title":"","footnotes":""},"class_list":["post-4755","page","type-page","status-publish","hentry"],"yoast_head":"<!-- This site is optimized with the Yoast SEO plugin v27.3 - https:\/\/yoast.com\/product\/yoast-seo-wordpress\/ -->\n<title>Calidad del agua - LINTI<\/title>\n<meta name=\"robots\" content=\"index, follow, max-snippet:-1, max-image-preview:large, max-video-preview:-1\" \/>\n<link rel=\"canonical\" href=\"https:\/\/www.linti.unlp.edu.ar\/index.php\/calidad-del-agua\/\" \/>\n<meta property=\"og:locale\" content=\"es_ES\" \/>\n<meta property=\"og:type\" content=\"article\" \/>\n<meta property=\"og:title\" content=\"Calidad del agua - LINTI\" \/>\n<meta property=\"og:description\" content=\"Menu Energ\u00eda Salinidad Medidores Calidad Calidad del agua Se implementar\u00e1n sensores en l\u00ednea para el monitoreo continuo de la calidad del agua, incluyendo par\u00e1metros como turbidez y niveles de cloro, entre otros. En el proyecto se definen las siguientes etapas: monitoreo energ\u00e9tico, salinidad, nivel de napas, medici\u00f3n de consumo y caudales con medidores inteligentes y otros par\u00e1metros de calidad de agua. Cada etapa tendr\u00e1 objetivos espec\u00edficos y su propio cronograma.\u00a0\" \/>\n<meta property=\"og:url\" content=\"https:\/\/www.linti.unlp.edu.ar\/index.php\/calidad-del-agua\/\" \/>\n<meta property=\"og:site_name\" content=\"LINTI\" \/>\n<meta property=\"article:modified_time\" content=\"2025-11-03T14:10:23+00:00\" \/>\n<meta property=\"og:image\" content=\"https:\/\/www.linti.unlp.edu.ar\/wp-content\/uploads\/2025\/10\/LOGO-absa-IOT.png\" \/>\n\t<meta property=\"og:image:width\" content=\"336\" \/>\n\t<meta property=\"og:image:height\" content=\"93\" \/>\n\t<meta property=\"og:image:type\" content=\"image\/png\" \/>\n<meta name=\"twitter:card\" content=\"summary_large_image\" \/>\n<meta name=\"twitter:label1\" content=\"Tiempo de lectura\" \/>\n\t<meta name=\"twitter:data1\" content=\"1 minuto\" \/>\n<script type=\"application\/ld+json\" class=\"yoast-schema-graph\">{\"@context\":\"https:\\\/\\\/schema.org\",\"@graph\":[{\"@type\":\"WebPage\",\"@id\":\"https:\\\/\\\/www.linti.unlp.edu.ar\\\/index.php\\\/calidad-del-agua\\\/\",\"url\":\"https:\\\/\\\/www.linti.unlp.edu.ar\\\/index.php\\\/calidad-del-agua\\\/\",\"name\":\"Calidad del agua - LINTI\",\"isPartOf\":{\"@id\":\"https:\\\/\\\/www.linti.unlp.edu.ar\\\/#website\"},\"primaryImageOfPage\":{\"@id\":\"https:\\\/\\\/www.linti.unlp.edu.ar\\\/index.php\\\/calidad-del-agua\\\/#primaryimage\"},\"image\":{\"@id\":\"https:\\\/\\\/www.linti.unlp.edu.ar\\\/index.php\\\/calidad-del-agua\\\/#primaryimage\"},\"thumbnailUrl\":\"https:\\\/\\\/www.linti.unlp.edu.ar\\\/wp-content\\\/uploads\\\/2025\\\/10\\\/LOGO-absa-IOT.png\",\"datePublished\":\"2025-10-24T17:12:54+00:00\",\"dateModified\":\"2025-11-03T14:10:23+00:00\",\"breadcrumb\":{\"@id\":\"https:\\\/\\\/www.linti.unlp.edu.ar\\\/index.php\\\/calidad-del-agua\\\/#breadcrumb\"},\"inLanguage\":\"es-AR\",\"potentialAction\":[{\"@type\":\"ReadAction\",\"target\":[\"https:\\\/\\\/www.linti.unlp.edu.ar\\\/index.php\\\/calidad-del-agua\\\/\"]}]},{\"@type\":\"ImageObject\",\"inLanguage\":\"es-AR\",\"@id\":\"https:\\\/\\\/www.linti.unlp.edu.ar\\\/index.php\\\/calidad-del-agua\\\/#primaryimage\",\"url\":\"https:\\\/\\\/www.linti.unlp.edu.ar\\\/wp-content\\\/uploads\\\/2025\\\/10\\\/LOGO-absa-IOT.png\",\"contentUrl\":\"https:\\\/\\\/www.linti.unlp.edu.ar\\\/wp-content\\\/uploads\\\/2025\\\/10\\\/LOGO-absa-IOT.png\",\"width\":336,\"height\":93},{\"@type\":\"BreadcrumbList\",\"@id\":\"https:\\\/\\\/www.linti.unlp.edu.ar\\\/index.php\\\/calidad-del-agua\\\/#breadcrumb\",\"itemListElement\":[{\"@type\":\"ListItem\",\"position\":1,\"name\":\"Home\",\"item\":\"https:\\\/\\\/www.linti.unlp.edu.ar\\\/\"},{\"@type\":\"ListItem\",\"position\":2,\"name\":\"Calidad del agua\"}]},{\"@type\":\"WebSite\",\"@id\":\"https:\\\/\\\/www.linti.unlp.edu.ar\\\/#website\",\"url\":\"https:\\\/\\\/www.linti.unlp.edu.ar\\\/\",\"name\":\"LINTI\",\"description\":\"Laboratorio de investigaci\u00f3n en nuevas tecnolog\u00edas inform\u00e1ticas\",\"publisher\":{\"@id\":\"https:\\\/\\\/www.linti.unlp.edu.ar\\\/#organization\"},\"potentialAction\":[{\"@type\":\"SearchAction\",\"target\":{\"@type\":\"EntryPoint\",\"urlTemplate\":\"https:\\\/\\\/www.linti.unlp.edu.ar\\\/?s={search_term_string}\"},\"query-input\":{\"@type\":\"PropertyValueSpecification\",\"valueRequired\":true,\"valueName\":\"search_term_string\"}}],\"inLanguage\":\"es-AR\"},{\"@type\":\"Organization\",\"@id\":\"https:\\\/\\\/www.linti.unlp.edu.ar\\\/#organization\",\"name\":\"LINTI\",\"url\":\"https:\\\/\\\/www.linti.unlp.edu.ar\\\/\",\"logo\":{\"@type\":\"ImageObject\",\"inLanguage\":\"es-AR\",\"@id\":\"https:\\\/\\\/www.linti.unlp.edu.ar\\\/#\\\/schema\\\/logo\\\/image\\\/\",\"url\":\"https:\\\/\\\/www.linti.unlp.edu.ar\\\/wp-content\\\/uploads\\\/2022\\\/05\\\/fachada-LINTI.jpg\",\"contentUrl\":\"https:\\\/\\\/www.linti.unlp.edu.ar\\\/wp-content\\\/uploads\\\/2022\\\/05\\\/fachada-LINTI.jpg\",\"width\":589,\"height\":411,\"caption\":\"LINTI\"},\"image\":{\"@id\":\"https:\\\/\\\/www.linti.unlp.edu.ar\\\/#\\\/schema\\\/logo\\\/image\\\/\"}}]}<\/script>\n<!-- \/ Yoast SEO plugin. -->","yoast_head_json":{"title":"Calidad del agua - LINTI","robots":{"index":"index","follow":"follow","max-snippet":"max-snippet:-1","max-image-preview":"max-image-preview:large","max-video-preview":"max-video-preview:-1"},"canonical":"https:\/\/www.linti.unlp.edu.ar\/index.php\/calidad-del-agua\/","og_locale":"es_ES","og_type":"article","og_title":"Calidad del agua - LINTI","og_description":"Menu Energ\u00eda Salinidad Medidores Calidad Calidad del agua Se implementar\u00e1n sensores en l\u00ednea para el monitoreo continuo de la calidad del agua, incluyendo par\u00e1metros como turbidez y niveles de cloro, entre otros. En el proyecto se definen las siguientes etapas: monitoreo energ\u00e9tico, salinidad, nivel de napas, medici\u00f3n de consumo y caudales con medidores inteligentes y otros par\u00e1metros de calidad de agua. Cada etapa tendr\u00e1 objetivos espec\u00edficos y su propio cronograma.\u00a0","og_url":"https:\/\/www.linti.unlp.edu.ar\/index.php\/calidad-del-agua\/","og_site_name":"LINTI","article_modified_time":"2025-11-03T14:10:23+00:00","og_image":[{"width":336,"height":93,"url":"https:\/\/www.linti.unlp.edu.ar\/wp-content\/uploads\/2025\/10\/LOGO-absa-IOT.png","type":"image\/png"}],"twitter_card":"summary_large_image","twitter_misc":{"Tiempo de lectura":"1 minuto"},"schema":{"@context":"https:\/\/schema.org","@graph":[{"@type":"WebPage","@id":"https:\/\/www.linti.unlp.edu.ar\/index.php\/calidad-del-agua\/","url":"https:\/\/www.linti.unlp.edu.ar\/index.php\/calidad-del-agua\/","name":"Calidad del agua - LINTI","isPartOf":{"@id":"https:\/\/www.linti.unlp.edu.ar\/#website"},"primaryImageOfPage":{"@id":"https:\/\/www.linti.unlp.edu.ar\/index.php\/calidad-del-agua\/#primaryimage"},"image":{"@id":"https:\/\/www.linti.unlp.edu.ar\/index.php\/calidad-del-agua\/#primaryimage"},"thumbnailUrl":"https:\/\/www.linti.unlp.edu.ar\/wp-content\/uploads\/2025\/10\/LOGO-absa-IOT.png","datePublished":"2025-10-24T17:12:54+00:00","dateModified":"2025-11-03T14:10:23+00:00","breadcrumb":{"@id":"https:\/\/www.linti.unlp.edu.ar\/index.php\/calidad-del-agua\/#breadcrumb"},"inLanguage":"es-AR","potentialAction":[{"@type":"ReadAction","target":["https:\/\/www.linti.unlp.edu.ar\/index.php\/calidad-del-agua\/"]}]},{"@type":"ImageObject","inLanguage":"es-AR","@id":"https:\/\/www.linti.unlp.edu.ar\/index.php\/calidad-del-agua\/#primaryimage","url":"https:\/\/www.linti.unlp.edu.ar\/wp-content\/uploads\/2025\/10\/LOGO-absa-IOT.png","contentUrl":"https:\/\/www.linti.unlp.edu.ar\/wp-content\/uploads\/2025\/10\/LOGO-absa-IOT.png","width":336,"height":93},{"@type":"BreadcrumbList","@id":"https:\/\/www.linti.unlp.edu.ar\/index.php\/calidad-del-agua\/#breadcrumb","itemListElement":[{"@type":"ListItem","position":1,"name":"Home","item":"https:\/\/www.linti.unlp.edu.ar\/"},{"@type":"ListItem","position":2,"name":"Calidad del agua"}]},{"@type":"WebSite","@id":"https:\/\/www.linti.unlp.edu.ar\/#website","url":"https:\/\/www.linti.unlp.edu.ar\/","name":"LINTI","description":"Laboratorio de investigaci\u00f3n en nuevas tecnolog\u00edas inform\u00e1ticas","publisher":{"@id":"https:\/\/www.linti.unlp.edu.ar\/#organization"},"potentialAction":[{"@type":"SearchAction","target":{"@type":"EntryPoint","urlTemplate":"https:\/\/www.linti.unlp.edu.ar\/?s={search_term_string}"},"query-input":{"@type":"PropertyValueSpecification","valueRequired":true,"valueName":"search_term_string"}}],"inLanguage":"es-AR"},{"@type":"Organization","@id":"https:\/\/www.linti.unlp.edu.ar\/#organization","name":"LINTI","url":"https:\/\/www.linti.unlp.edu.ar\/","logo":{"@type":"ImageObject","inLanguage":"es-AR","@id":"https:\/\/www.linti.unlp.edu.ar\/#\/schema\/logo\/image\/","url":"https:\/\/www.linti.unlp.edu.ar\/wp-content\/uploads\/2022\/05\/fachada-LINTI.jpg","contentUrl":"https:\/\/www.linti.unlp.edu.ar\/wp-content\/uploads\/2022\/05\/fachada-LINTI.jpg","width":589,"height":411,"caption":"LINTI"},"image":{"@id":"https:\/\/www.linti.unlp.edu.ar\/#\/schema\/logo\/image\/"}}]}},"_links":{"self":[{"href":"https:\/\/www.linti.unlp.edu.ar\/index.php\/wp-json\/wp\/v2\/pages\/4755","targetHints":{"allow":["GET"]}}],"collection":[{"href":"https:\/\/www.linti.unlp.edu.ar\/index.php\/wp-json\/wp\/v2\/pages"}],"about":[{"href":"https:\/\/www.linti.unlp.edu.ar\/index.php\/wp-json\/wp\/v2\/types\/page"}],"author":[{"embeddable":true,"href":"https:\/\/www.linti.unlp.edu.ar\/index.php\/wp-json\/wp\/v2\/users\/2"}],"replies":[{"embeddable":true,"href":"https:\/\/www.linti.unlp.edu.ar\/index.php\/wp-json\/wp\/v2\/comments?post=4755"}],"version-history":[{"count":37,"href":"https:\/\/www.linti.unlp.edu.ar\/index.php\/wp-json\/wp\/v2\/pages\/4755\/revisions"}],"predecessor-version":[{"id":4994,"href":"https:\/\/www.linti.unlp.edu.ar\/index.php\/wp-json\/wp\/v2\/pages\/4755\/revisions\/4994"}],"wp:attachment":[{"href":"https:\/\/www.linti.unlp.edu.ar\/index.php\/wp-json\/wp\/v2\/media?parent=4755"}],"curies":[{"name":"wp","href":"https:\/\/api.w.org\/{rel}","templated":true}]}}